e highest common factor of u and 23.
23
Let f(d) = -d**3 - d**2 - 3*d - 3. Let c be f(-3). Calculate the highest common divisor of c and 36.
12
Suppose 9*a - 1495 = -55. What is the highest common divisor of a and 64?
32
Let p(w) = w - 4. Let l be p(4). Suppose 2*k + 2*d - 16 = -l*k, 0 = -3*k + 2*d + 4. Suppose 0 = -k*s + s + 36. What is the highest common factor of 84 and s?
12
Suppose -89 = -4*f - 29. What is the highest common divisor of f and 3?
3
Let y(z) = 18*z - 6. Let d be y(3). What is the highest common divisor of 12 and d?
12
Let y = -19 - -13. Let p be (0 + 1)/(y/(-48)). Let z be 2 - (1 + -70 + -1). What is the greatest common divisor of p and z?
8
Let c = 210 + -336. Let b = c + 181. Suppose 0 = -3*m - 2*m + b. Calculate the greatest common divisor of 121 and m.
11
Let d = 46 + 100. Suppose 0 = 3*t - 2*u + 134, 2*u + d = -4*t - 28. Let a be (-4)/(-2) - t/2. What is the greatest common divisor of a and 60?
12
Suppose 117 - 21 = 2*w. What is the highest common factor of 12 and w?
12
Let f be (2*(-3)/6)/(-1). What is the greatest common divisor of 1 and f?
1
Let q(v) = -v**3 + 9*v**2 - 5*v. Let k be q(7). Calculate the highest common factor of 9 and k.
9
Let p = 14 + -1. Let i be (0 - (1 + 51))*-1. What is the greatest common factor of p and i?
13
Suppose -10*j + 10 = -0. Calculate the highest common divisor of 2 and j.
1
Let l = 7 + 5. Suppose -5*q - 2*j = -428, 0 = -q + 2*j + 3*j + 64. Calculate the greatest common factor of q and l.
12
Suppose 35 = -5*g - 5*h, 5*g + 33 = 2*h - 37. Suppose 5*d + 102 = 12. Let a = g - d. What is the greatest common divisor of 24 and a?
6
Suppose 3*t = 5*t - 2*z - 62, -t = 4*z - 31. Calculate the highest common factor of t and 279.
31
Suppose -4*t + 0*t - 80 = 0. Let v = t - -31. Calculate the greatest common factor of 44 and v.
11
Suppose -3*m - 40 = -3*r + 5, -3*m - 27 = -2*r. What is the highest common divisor of r and 90?
18
Let v(w) = w**3 + 15*w**2 - 16*w - 2. Let j be v(-16). Let m be (0 - 1) + j + 6. Calculate the highest common divisor of m and 9.
3
Suppose 15 = 3*q, -6*l + 305 = -2*l - 3*q. Let z = 22 - 12. Calculate the greatest common divisor of l and z.
10
Let q be -6 - -2 - -70*1. What is the highest common factor of 6 and q?
6
Let k = -15 - -19. Suppose -2*x = k*h - 656, -5*h = -x + 3*x - 821. Calculate the highest common divisor of 15 and h.
15
Suppose -k - 4*s = -0 - 20, 2*k + 4 = 3*s. Let x be (-17)/18*-4 + (-2)/(-9). Calculate the greatest common divisor of x and k.
4
Suppose -2*o - 394 = -5*t, 5*t - t - 329 = -3*o. Calculate the highest common divisor of t and 20.
20
Let v be (-1)/1 + -1 + 4. Let u(n) = 8*n**2 + 2*n. Let z be u(v). What is the greatest common factor of 9 and z?
9
Suppose -1 = 2*v + 1, 0 = u - v - 11. Calculate the highest common factor of u and 40.
10
Let d(w) = 8*w**3 - 3*w**2 + 3*w - 2. Suppose 2*x - 1 = 9, -x = 2*n - 9. Let k be d(n). Calculate the highest common divisor of 7 and k.
7
Let h be (0 - 3)/(36/(-132)). Suppose 0 = 2*q + 3*q - 5. What is the highest common divisor of h and q?
1
Suppose 0 = -2*r + 6*r - t - 17, 3*r - 14 = t. Suppose 8*h = r*h + 275. Calculate the highest common divisor of h and 5.
5
Let k be 178/6 - 2/3. Let x = 63 + -34. Calculate the highest common divisor of k and x.
29
Let k(b) = 2*b**2 - 9*b + 20. Let p be k(8). Suppose -11 = -2*j - 3. Suppose 4*w - p = -j. What is the greatest common factor of 144 and w?
18
Let h = 29 + 71. What is the greatest common factor of h and 10?
10
Suppose 0 = m - v - 30 - 56, 3*m - v = 248. What is the highest common factor of m and 54?
27
Let g be 1*9 - (3 - 4/2). Calculate the highest common factor of g and 16.
8
Suppose 2*m + f - 18 = -m, 0 = -4*m - 4*f + 16. What is the highest common factor of m and 77?
7
Let k(j) = -3*j - 8. Let r be k(-11). Calculate the greatest common factor of 10 and r.
5
Let j be 1 - -1*(-3 - -5). Suppose 2*v + 0*v = q + 5, -35 = -j*q - 4*v. Calculate the highest common factor of q and 5.
5
Let c be (-2)/(2/(-3)) - -2. Suppose k + 49 = c*a - 2*k, -4*a = 3*k - 50. Suppose -275 = -0*h - 5*h. Calculate the highest common divisor of h and a.
11
Let v be ((-1)/(-2))/(-2 - (-29)/14). Calculate the greatest common divisor of 56 and v.
7
Let x = 20 + -56. Let q = -20 - x. What is the highest common divisor of 96 and q?
16
Let v(g) = -g**2 + g + 2. Let o be v(2). Suppose o = 2*l - 0*l - 32. Calculate the highest common factor of 16 and l.
16
Let w(s) = -8*s - 8. Let f(p) = 23*p + 24. Let d(k) = -3*f(k) - 8*w(k). Let z = 5 + -11. Let o be d(z). What is the highest common divisor of 55 and o?
11
Let z = -75 - -79. Calculate the highest common divisor of 2 and z.
2
Suppose -a + 96 = 3*a. Calculate the highest common divisor of a and 16.
8
Let t be (22*-8)/(1/(-1)). Let o(x) = 4*x + 6*x - 5*x + 3*x. Let q be o(2). Calculate the highest common divisor of t and q.
16
Let f = 81 - 53. Suppose 0 = -2*o - 10, 2*o = y + o - f. Calculate the greatest common divisor of 161 and y.
23
Let z = 55 - 40. Calculate the greatest common divisor of 6 and z.
3
Let s = -237 - -356. Calculate the highest common divisor of 17 and s.
17
Let z = -15 + 18. Let h be (2/z)/(1/126). Calculate the highest common divisor of h and 21.
21
Let p(x) = 18*x + 2. Let r be p(1). What is the highest common factor of 20 and r?
20
Let b be 2166/15 - (-8)/(-20). What is the greatest common divisor of b and 16?
16
Let k = 71 + -39. Let m = -9 - -5. Let c be (81*-4)/m - 1. Calculate the greatest common factor of k and c.
16
Suppose -2*l - f + 48 = 2*l, -43 = -3*l + f. Let o(x) = 3*x + 3. Let j be o(-3). Let m = j + l. What is the greatest common divisor of m and 28?
7
Suppose 5*b - 36 = 24. Let f(u) = -u**3 - 5*u**2 - u + 7. Let s be f(-5). What is the highest common factor of b and s?
12
Let d be 2/(-1)*-1*9. Let h = 33 - d. What is the greatest common factor of h and 75?
15
Let z be 7 - (-4 + 8) - 1. What is the highest common factor of z and 8?
2
Let y be (-2)/(-4)*10 - -1. Calculate the greatest common factor of y and 66.
6
Suppose 0*c = 5*c - 255. Suppose 5*w = 69 + c. What is the greatest common factor of w and 4?
4
Suppose 0 = a - 4*a + 66. Let y(t) = 3*t**2 + 22*t - 31. Let k be y(5). What is the highest common factor of a and k?
22
Suppose 0 = n + 2*n + 9. Let t = 1 - n. Suppose 0*u - t*u + 80 = 0. Calculate the highest common divisor of 20 and u.
20
Let z = 9 + -4. Suppose z*g - 175 = -2*q - 3*q, 2*g - 76 = -5*q. Suppose 2*c - 6 + 0 = 0. Calculate the greatest common divisor of g and c.
3
Let q(f) = -f - 3. Let d be q(0). Let u be d - -2 - (1 - 0). Let m be u/(2 - (-39)/(-18)). What is the highest common factor of 84 and m?
12
Suppose 0 = -3*w + 13 + 50. Calculate the greatest common divisor of w and 105.
21
Let i(j) = -2*j - 4. Let f be i(-4). Let y be 1*f*55/20. Calculate the greatest common divisor of y and 11.
11
Suppose -4*n + 34 = 2. Calculate the greatest common factor of n and 88.
8
Let k(v) = v**3 + 8*v**2 + 7*v + 1. Let p be k(-7). Let m(x) = x**2 - 6*x + 1. Let r be m(6). Calculate the greatest common factor of r and p.
1
Suppose -4*m = 4*o - 32, m + 9 = -2*o + 20. Suppose 5*t + 55 = o*x, 5*t + 36 + 49 = 5*x. Calculate the highest common divisor of x and 6.
3
Let k(z) = -3*z - 6. Suppose -2 = -3*t - 23. Let q be k(t). Suppose -3*v + 3*r = -v - 45, -v = 2*r - 40. Calculate the greatest common factor of q and v.
15
Let v be (1 - -4)/((-1)/(-7)). Let y = 35 - 21. What is the highest common factor of v and y?
7
Let o be (9/((-18)/68))/((-2)/1). What is the highest common divisor of 187 and o?
17
Let t be 8 + -2 + (4 - 1). Let r be 74/(-10) - 8/(-20). Let p(u) = -14*u + 1. Let w be p(r). What is the greatest common factor of t and w?
9
Let y be 4/(16/4) - -6. What is the greatest common divisor of 77 and y?
7
Suppose -2*g + 189 = 5*n, 4*n - 33 = 3*n - 2*g. Suppose 2*y - 76 = -3*v, 2*v - 4*v + 5*y = -57. Calculate the greatest common factor of v and n.
13
Suppose t = 6*t - 50. Suppose 3*w - 2 - 4 = 0. Suppose w*g = 3*g - 70. Calculate the highest common factor of t and g.
10
Suppose -7*h + 16 = -327. Calculate the highest common divisor of 7 and h.
7
Let p(c) = 2*c**2 + 9*c + 9. Let t be p(-7). Let f(u) = -3*u - 7 + 0*u**2 + u**2 + 0*u**2. Let g be f(6). Calculate the greatest common factor of g and t.
11
Let